{"id":14,"date":"2021-06-12T18:59:51","date_gmt":"2021-06-12T18:59:51","guid":{"rendered":"http:\/\/www.haniarefleksolog.pl\/?page_id=14"},"modified":"2023-07-05T12:30:55","modified_gmt":"2023-07-05T12:30:55","slug":"kontakt","status":"publish","type":"page","link":"https:\/\/www.haniarefleksolog.pl\/index.php\/kontakt\/","title":{"rendered":"Kontakt"},"content":{"rendered":"\n<p><strong>Adres g\u0142\u00f3wny:<\/strong><br>ul. Kazimierza Wielkiego 33<br>84-207 Bojano<\/p>\n\n\n\n<p><strong>Adres gabinetu w Gdyni (tylko w czwartki):<\/strong><br>ul. Bytomska 40 (1 pi\u0119tro)<br>81-509 Gdynia<\/p>\n\n\n\n<p><strong>Dane kontaktowe:<\/strong><br>603-22-33-34<br>kontakt@haniarefleksolog.pl<br><\/p>\n","protected":false},"excerpt":{"rendered":"<p>Adres g\u0142\u00f3wny:ul. Kazimierza Wielkiego 3384-207 Bojano Adres gabinetu w Gdyni (tylko w czwartki):ul. Bytomska 40 (1 pi\u0119tro)81-509 Gdynia Dane kontaktowe:603-22-33-34kontakt@haniarefleksolog.pl<\/p>\n","protected":false},"author":1,"featured_media":0,"parent":0,"menu_order":0,"comment_status":"closed","ping_status":"closed","template":"","meta":[],"_links":{"self":[{"href":"https:\/\/www.haniarefleksolog.pl\/index.php\/wp-json\/wp\/v2\/pages\/14"}],"collection":[{"href":"https:\/\/www.haniarefleksolog.pl\/index.php\/wp-json\/wp\/v2\/pages"}],"about":[{"href":"https:\/\/www.haniarefleksolog.pl\/index.php\/wp-json\/wp\/v2\/types\/page"}],"author":[{"embeddable":true,"href":"https:\/\/www.haniarefleksolog.pl\/index.php\/wp-json\/wp\/v2\/users\/1"}],"replies":[{"embeddable":true,"href":"https:\/\/www.haniarefleksolog.pl\/index.php\/wp-json\/wp\/v2\/comments?post=14"}],"version-history":[{"count":4,"href":"https:\/\/www.haniarefleksolog.pl\/index.php\/wp-json\/wp\/v2\/pages\/14\/revisions"}],"predecessor-version":[{"id":136,"href":"https:\/\/www.haniarefleksolog.pl\/index.php\/wp-json\/wp\/v2\/pages\/14\/revisions\/136"}],"wp:attachment":[{"href":"https:\/\/www.haniarefleksolog.pl\/index.php\/wp-json\/wp\/v2\/media?parent=14"}],"curies":[{"name":"wp","href":"https:\/\/api.w.org\/{rel}","templated":true}]}}