{"id":13,"date":"2021-06-12T18:59:51","date_gmt":"2021-06-12T18:59:51","guid":{"rendered":"http:\/\/www.haniarefleksolog.pl\/?page_id=13"},"modified":"2023-07-05T12:44:23","modified_gmt":"2023-07-05T12:44:23","slug":"o-nas","status":"publish","type":"page","link":"https:\/\/www.haniarefleksolog.pl\/index.php\/o-nas\/","title":{"rendered":"O mnie"},"content":{"rendered":"\n<p>Mam na imi\u0119 Hania. Refleksologia pojawi\u0142a si\u0119 w moim \u017cyciu sze\u015b\u0107 lat temu. Mieszka\u0142am wtedy w Norwegii i to by\u0142a jedyna skuteczna terapia w walce z moimi chorobami, kt\u00f3ra mi pomog\u0142a. Zaciekawi\u0142o mnie bardzo, jak przez stopy czy r\u0119ce mo\u017cna w pe\u0142ni doj\u015b\u0107 do zdrowia i \u017cy\u0107 szcz\u0119\u015bliwie bez lek\u00f3w. Przez rok czasu w ka\u017cdy wtorek wieczorem mia\u0142am robione zabiegi. Z wielkim zdziwieniem obserwowa\u0142am, co moje cia\u0142o wyprawia w drodze do samouzdrowienia, jakie s\u0105 reakcje po ka\u017cdym z zabieg\u00f3w. Gdy ca\u0142o\u015b\u0107 mojego cia\u0142a, umys\u0142u i duszy zacz\u0119\u0142a funkcjonowa\u0107 prawid\u0142owo, ma\u0142ymi krokami sama szuka\u0142am refleks\u00f3w, przegl\u0105da\u0142am mapy, o wszystko wypytywa\u0142am refleksolog, kt\u00f3ra by\u0142a ze mn\u0105 przez ten ca\u0142y rok. Wtedy ju\u017c czu\u0142am w sercu, \u017ce to jest moja droga, kt\u00f3r\u0105 p\u00f3jd\u0119 w \u015bwiat.<\/p>\n\n\n\n<p>W Polskim Instytucie Refleksologii uko\u0144czy\u0142am szkolenia z zakresu refleksologii terapeutycznej st\u00f3p i r\u0105k. Kilka miesi\u0119cy temu uko\u0144czy\u0142am tak\u017ce pierwszy stopie\u0144 refleksologii twarzy i g\u0142owy. Dwa razy w roku uczestnicz\u0119 w zaawansowanych warsztatach dla refleksolog\u00f3w poszerzaj\u0105c swoj\u0105 wiedz\u0119 i do\u015bwiadczenie.<\/p>\n\n\n\n<p>Refleksologia jest moj\u0105 najlepsz\u0105 przyjaci\u00f3\u0142k\u0105, moj\u0105 pasj\u0105 sposobem na \u017cycie. To po\u0142owa mojej duszy.<\/p>\n\n\n\n<p><\/p>\n\n\n\n<h3 class=\"wp-block-heading has-text-color\" style=\"color:#0fbe7c\"><strong>U kogo si\u0119 uczy\u0142am?&nbsp;<\/strong><\/h3>\n\n\n\n<p>W Polsce zabiegi refleksologii zapocz\u0105tkowali Wanda i Andrzej Bratko. Swoj\u0105 pasj\u0119 do zawodu i do\u015bwiadczenie przywie\u017ali ze sob\u0105 z Kanady. S\u0105 za\u0142o\u017cycielami Polskiego Instytutu Refleksologii, kt\u00f3ry od 2000 roku jest cz\u0142onkiem Europejskiej Organizacji Refleksolog\u00f3w RIEN. Od kilkunastu lat organizuj\u0105 dwa razy w roku warsztaty dla zaawansowanych refleksolog\u00f3w, gdzie ka\u017cdy z nas wymienia si\u0119 swoj\u0105 wiedz\u0105, do\u015bwiadczeniem i za ka\u017cdym razem stajemy si\u0119 jeszcze bardziej m\u0105drzejsi w poszukiwaniu zdrowia poprzez prac\u0119 na stopach, d\u0142oniach, twarzy i g\u0142owie.<\/p>\n\n\n\n<p>Oto u kogo si\u0119 ucz\u0119:<\/p>\n\n\n\n<p>Wanda Budzanowska-Bratko jest Dyplomowanym Refleksologiem Mi\u0119dzynarodowego Instytutu Refleksologii w USA, jest cz\u0142onkiem International Council of Reflexology, a tak\u017ce Reflexology Registration Council of Ontario oraz Reflexology in Europe Network. Wanda posiada ogromn\u0105 wiedz\u0119 i wielki talent nauczycielski. Refleksologia to jest jej \u017cycie. Stworzy\u0142a pi\u0119kn\u0105 rodzin\u0119 refleksolog\u00f3w, kt\u00f3rych wspiera nieustannie ca\u0142\u0105 sob\u0105. Jestem dumna, \u017ce nale\u017c\u0119 do tej rodziny.<\/p>\n\n\n\n<p>Moj\u0105 nauczycielk\u0105, u kt\u00f3rej ko\u0144czy\u0142am I i II stopie\u0144 refleksologii st\u00f3p oraz refleksologi\u0119 r\u0105k, jest Basia Ro\u017cd\u017cy\u0144ska-Sta\u0144czak. Osoba obdarzona niezwyk\u0142ym ciep\u0142em i spokojem. Jej wiedza i dwudziestoletnie do\u015bwiadczenie pracy s\u0105 niesamowitym darem, kt\u00f3ry od niej otrzyma\u0142am b\u0119d\u0105c na zaj\u0119ciach. Basia nieustannie wspiera mnie w mojej pasji.<\/p>\n\n\n\n<p>Ania Khadir, nauczyciel refleksologii Twarzy i G\u0142owy. Kobieta wyj\u0105tkowa, bardzo utalentowana i z niezwyk\u0142\u0105, pi\u0119kn\u0105 dusz\u0105. U Ani uko\u0144czy\u0142am I stopie\u0144 refleksologii TiG. Przede mn\u0105 kolejne spotkania z Ani\u0105 na szkoleniach.<\/p>\n\n\n\n<p>Tak naprawd\u0119, ka\u017cdy z nauczycieli w Polskim Instytucie Refleksologii jest niepowtarzalny. Wszyscy uczestnicy warsztat\u00f3w zawsze wnosz\u0105 co\u015b nowego w moje \u017cycie. Staraj\u0105 si\u0119, bym ros\u0142a w si\u0142\u0119 refleksologii. Piel\u0119gnuj\u0105 ten dar, kt\u00f3ry otrzyma\u0142am i s\u0105 zawsze, kiedy ich potrzeba. Bez tych os\u00f3b nie by\u0142oby mnie takiej, jak\u0105 jestem.<\/p>\n","protected":false},"excerpt":{"rendered":"<p>Mam na imi\u0119 Hania. Refleksologia pojawi\u0142a si\u0119 w moim \u017cyciu sze\u015b\u0107 lat temu. Mieszka\u0142am wtedy w Norwegii i to by\u0142a jedyna skuteczna terapia w walce z moimi chorobami, kt\u00f3ra mi pomog\u0142a. Zaciekawi\u0142o mnie bardzo, jak przez stopy czy r\u0119ce mo\u017cna<\/p>\n","protected":false},"author":1,"featured_media":0,"parent":0,"menu_order":0,"comment_status":"closed","ping_status":"closed","template":"","meta":[],"_links":{"self":[{"href":"https:\/\/www.haniarefleksolog.pl\/index.php\/wp-json\/wp\/v2\/pages\/13"}],"collection":[{"href":"https:\/\/www.haniarefleksolog.pl\/index.php\/wp-json\/wp\/v2\/pages"}],"about":[{"href":"https:\/\/www.haniarefleksolog.pl\/index.php\/wp-json\/wp\/v2\/types\/page"}],"author":[{"embeddable":true,"href":"https:\/\/www.haniarefleksolog.pl\/index.php\/wp-json\/wp\/v2\/users\/1"}],"replies":[{"embeddable":true,"href":"https:\/\/www.haniarefleksolog.pl\/index.php\/wp-json\/wp\/v2\/comments?post=13"}],"version-history":[{"count":5,"href":"https:\/\/www.haniarefleksolog.pl\/index.php\/wp-json\/wp\/v2\/pages\/13\/revisions"}],"predecessor-version":[{"id":137,"href":"https:\/\/www.haniarefleksolog.pl\/index.php\/wp-json\/wp\/v2\/pages\/13\/revisions\/137"}],"wp:attachment":[{"href":"https:\/\/www.haniarefleksolog.pl\/index.php\/wp-json\/wp\/v2\/media?parent=13"}],"curies":[{"name":"wp","href":"https:\/\/api.w.org\/{rel}","templated":true}]}}